t is the highest common factor of 845 and 136118515?
845
What is the greatest common divisor of 2057888 and 70?
14
What is the greatest common factor of 53677772 and 17?
17
What is the greatest common factor of 280 and 937110?
10
Calculate the highest common divisor of 4260 and 13328830.
710
Calculate the greatest common factor of 13953822 and 674.
674
Calculate the highest common divisor of 690 and 115050.
30
What is the greatest common divisor of 1694 and 495418?
154
Calculate the greatest common divisor of 368 and 973552.
16
Calculate the greatest common divisor of 25085280 and 3300.
660
What is the greatest common factor of 7685 and 52900205?
145
Calculate the highest common factor of 61657865 and 3175.
635
What is the highest common factor of 22736 and 22540?
196
Calculate the greatest common divisor of 10268076 and 112.
28
Calculate the highest common factor of 351 and 311933973.
39
Calculate the greatest common divisor of 706223 and 160643.
3031
Calculate the greatest common factor of 2814 and 429690296.
938
Calculate the greatest common divisor of 56291 and 6.
1
What is the greatest common factor of 5793588 and 1308?
12
Calculate the greatest common divisor of 10292412 and 51.
51
Calculate the greatest common divisor of 751743 and 161802.
909
What is the greatest common factor of 1414035 and 37520?
2345
Calculate the highest common divisor of 13692 and 6258385.
1141
Calculate the greatest common divisor of 230890 and 40370.
110
Calculate the highest common divisor of 4224069 and 54.
27
What is the highest common divisor of 2535936 and 91104?
1248
Calculate the highest common factor of 380 and 745617665.
95
What is the highest common divisor of 2011758 and 224?
14
What is the highest common divisor of 4149 and 104508?
9
What is the greatest common factor of 62546940 and 90?
90
Calculate the highest common divisor of 1068673 and 3004.
751
Calculate the greatest common divisor of 939021 and 66309.
2139
Calculate the greatest common divisor of 15564430 and 98.
14
What is the greatest common divisor of 8233600 and 248?
248
Calculate the greatest common divisor of 20766941 and 65.
13
What is the highest common factor of 18945204 and 1824?
228
Calculate the highest common factor of 421185759 and 3.
3
Calculate the highest common factor of 2465125 and 1927.
41
What is the highest common factor of 751 and 586684204?
751
Calculate the highest common divisor of 32211 and 109756.
1193
What is the highest common divisor of 220965863 and 12568?
1571
What is the greatest common divisor of 207421 and 327577?
31
What is the greatest common factor of 254865 and 9750?
195
What is the greatest common divisor of 223 and 42181119?
223
What is the highest common divisor of 93200892 and 12?
12
What is the highest common factor of 6767619 and 88863?
4677
What is the greatest common factor of 25 and 53902325?
25
What is the highest common divisor of 69 and 3105345?
69
What is the greatest common divisor of 274 and 1316159?
137
What is the highest common divisor of 2574 and 43441134?
66
What is the greatest common divisor of 111690739 and 71?
71
Calculate the greatest common factor of 935 and 241638.
17
What is the highest common divisor of 1960204 and 66944?
2092
Calculate the highest common divisor of 44113 and 533014.
31
What is the highest common divisor of 210 and 3083730510?
210
Calculate the highest common factor of 141 and 7447385.
47
What is the greatest common divisor of 2110 and 29040985?
1055
Calculate the greatest common divisor of 1295260 and 15.
5
Calculate the highest common divisor of 42213915 and 509.
509
Calculate the greatest common factor of 1171470 and 145095.
255
What is the highest common factor of 66 and 361385607?
33
What is the highest common factor of 2861230 and 1845055?
3985
What is the highest common divisor of 246208 and 22362611?
3847
What is the greatest common factor of 10372 and 5852?
4
Calculate the greatest common divisor of 3680 and 12619410.
230
What is the highest common factor of 2772 and 1483251?
231
Calculate the highest common divisor of 1869 and 1186230003.
1869
Calculate the highest common factor of 252 and 19021128.
84
What is the greatest common divisor of 996730 and 14689738?
6874
Calculate the highest common divisor of 857276 and 1088.
68
Calculate the greatest common factor of 316147 and 777959.
1079
Calculate the greatest common factor of 1 and 91206097.
1
Calculate the greatest common factor of 308124197 and 6364.
1591
Calculate the greatest common divisor of 81588190 and 11585.
1655
What is the greatest common factor of 3638 and 810630074?
3638
What is the greatest common factor of 75 and 562635?
15
What is the highest common factor of 392659409 and 724?
181
Calculate the highest common divisor of 8953574 and 4853.
211
What is the greatest common divisor of 61850 and 1248025?
25
What is the greatest common factor of 2180 and 309379060?
2180
Calculate the greatest common factor of 70441725 and 24325.
3475
Calculate the greatest common factor of 153 and 193531893.
51
What is the greatest common factor of 12053904 and 3572?
76
What is the greatest common factor of 1260154 and 7?
7
What is the greatest common divisor of 80163 and 7550167?
2969
What is the greatest common factor of 80759 and 142345?
581
Calculate the highest common divisor of 6288 and 80958.
786
What is the greatest common factor of 8104 and 671619?
1013
Calculate the greatest common divisor of 18281 and 2153.
1
Calculate the highest common factor of 18040453 and 14372.
3593
Calculate the highest common divisor of 141298 and 178.
2
What is the highest common divisor of 5352 and 6581622?
1338
What is the greatest common divisor of 55703130 and 4440?
1110
What is the highest common divisor of 78776928 and 1008?
144
What is the greatest common divisor of 532764 and 2934?
18
What is the greatest common divisor of 6169 and 738688?
199
What is the highest common factor of 82740567 and 377?
377
Calculate the greatest common divisor of 8 and 11129512.
8
What is the greatest common factor of 8894672 and 38743?
901
Calculate the greatest common divisor of 14678441 and 14502.
2417
Calculate the highest common factor of 492509498 and 2094.
698
Calculate the greatest common divisor of 333672121 and 251.
251
What is the greatest common factor of 165 and 1588037?
11
Calculate the greatest common factor of 91 and 510307.
7
Calculate the highest common factor of 105479 and 195088205.
9589
Calculate the highest common factor of 123344598 and 13.
13
Calculate the highest common divisor of 357316 and 448.
4
Calculate the greatest common factor of 1152 and 251300448.
288
What is the highest common factor of 52064590 and 40?
10
What is the greatest common factor of 87498313 and 1043?
1043
What is the greatest common divisor of 9 and 2209?
1
What is the highest common divisor of 15531409 and 9092?
2273
Calculate the highest common factor of 11 and 1369049.
11
Calculate the highest common divisor of 208 and 7208994.
26
Calculate the highest common divisor of 1192 and 8304068.
596
What is the greatest common divisor of 68478826 and 52?
26
What is the highest common divisor of 25038040 and 6880?
1720
Calculate the greatest common divisor of 30056964 and 924.
84
What is the highest common divisor of 133227057 and 62?
31
What is the greatest common factor of 2142 and 1556228331?
1071
Calculate the greatest common divisor of 3123846 and 65934.
1782
What is the greatest common factor of 249152 and 2448?
272
Calculate the highest common factor of 3658 and 470832154.
3658
Calculate the greatest common divisor of 19 and 1504401.
19
Calculate the greatest common divisor of 9784033 and 63.
7
Calculate the greatest common factor of 610266 and 408.
102
What is the greatest common divisor of 13923 and 19782?
63
Calculate the greatest common divisor of 5836922 and 728.
182
What is the greatest common factor of 356600 and 40400?
200
What is the greatest common factor of 37828525 and 465?
155
Calculate the greatest common factor of 268339790 and 50.
10
What is the highest common factor of 15 and 1266801?
3
What is the highest common divisor of 1855982 and 273877?
2659
What is the highest common divisor of 8101210 and 3702?
1234
Calculate the greatest common factor of 93233322 and 8